rue
Is 31375467 a multiple of 2?
False
Is 150565395 a multiple of 25?
False
Does 1232 divide 263374764?
False
Is 174919150 a multiple of 355?
True
Is 1228912470 a multiple of 1145?
True
Is 9545981 a multiple of 301?
False
Is 18 a factor of 268533018?
True
Is 114 a factor of 6336152262?
True
Does 9 divide 27587278?
False
Is 428343890 a multiple of 26?
True
Is 238 a factor of 103685414?
True
Is 3226038 a multiple of 66?
False
Is 188 a factor of 64736860?
True
Is 696 a factor of 890293178?
False
Is 16 a factor of 40757139?
False
Is 252 a factor of 32796856?
False
Does 257 divide 399873239?
True
Is 6 a factor of 339590895?
False
Is 61732230 a multiple of 138?
True
Is 61 a factor of 27308968?
True
Is 11606364 a multiple of 2772?
True
Is 12292805 a multiple of 6?
False
Does 71 divide 1066152827?
True
Is 6733312 a multiple of 45?
False
Is 182 a factor of 15236098?
False
Does 24 divide 109812642?
False
Does 485 divide 153846529?
False
Does 407 divide 116358451?
True
Does 146 divide 1302505521?
False
Is 43 a factor of 352083964?
False
Is 33417610 a multiple of 3?
False
Is 61534116 a multiple of 2196?
True
Is 33 a factor of 3388976699?
False
Is 3284021670 a multiple of 38?
False
Is 157823063 a multiple of 2807?
False
Is 2205204448 a multiple of 152?
True
Does 247 divide 669451135?
False
Does 14 divide 46361140?
True
Is 855 a factor of 19147046?
False
Is 255 a factor of 3051585?
True
Is 37 a factor of 69242577?
True
Is 283327607 a multiple of 1636?
False
Does 152 divide 119510210?
False
Is 3650 a factor of 425498575?
False
Is 46102105 a multiple of 163?
True
Is 92710425 a multiple of 266?
False
Is 8877969 even?
False
Is 9 a factor of 5330868?
False
Is 3293993637 a multiple of 517?
True
Is 583 a factor of 120501436?
True
Is 14 a factor of 80168480?
True
Does 117 divide 15358824?
True
Is 935382431 a multiple of 11?
False
Is 154456995 a multiple of 21?
True
Is 294 a factor of 23214379?
False
Does 18 divide 141635610?
True
Does 4 divide 796752094?
False
Is 863892180 a multiple of 15?
True
Does 35 divide 73838660?
True
Does 929 divide 915210232?
False
Is 360 a factor of 220651309?
False
Does 28 divide 220389344?
True
Is 2168 a factor of 30995325?
False
Is 1962881844 a multiple of 42?
True
Does 359 divide 69827479?
False
Is 133 a factor of 3127039475?
True
Is 18738604 a multiple of 3?
False
Is 831134793 a multiple of 3190?
False
Does 17 divide 119735284?
True
Is 1365867987 a multiple of 1940?
False
Is 11 a factor of 55278366?
True
Is 152 a factor of 2826136?
True
Is 151615275 a multiple of 2435?
True
Does 7 divide 32925127?
False
Does 4476 divide 772011528?
True
Is 102844443 a multiple of 169?
True
Does 1194 divide 1872283308?
False
Does 41 divide 39210104?
True
Does 27 divide 50543454?
False
Is 4 a factor of 1172996665?
False
Is 1723392632 a multiple of 104?
True
Is 120 a factor of 247366571?
False
Is 6319358 a multiple of 29?
False
Is 1201 a factor of 291324168?
True
Does 1218 divide 214611600?
True
Is 157 a factor of 8464913?
False
Is 1985 a factor of 685148938?
False
Is 294608485 a multiple of 888?
False
Is 32 a factor of 18692174?
False
Does 1033 divide 72363362?
False
Is 3661275046 a multiple of 3916?
False
Is 143 a factor of 1245078549?
True
Is 35085221 a multiple of 472?
False
Is 27839419 a multiple of 20?
False
Does 70 divide 26789700?
True
Is 38 a factor of 550973192?
False
Is 12793094 a multiple of 441?
False
Does 159 divide 18388032?
True
Is 43 a factor of 1406402?
False
Is 106809326 a multiple of 1558?
False
Is 104285786 a multiple of 54?
False
Is 69113308 a multiple of 4?
True
Is 331609215 a multiple of 22?
False
Is 119791539 a multiple of 63?
True
Is 19258268 a multiple of 4?
True
Is 1319 a factor of 70074240?
False
Does 72 divide 53144748?
False
Is 5726 a factor of 3528500813?
False
Does 161 divide 585560220?
True
Is 18 a factor of 331851204?
True
Is 2725156125 a multiple of 4624?
False
Is 16160749 a multiple of 2?
False
Is 40 a factor of 263111853?
False
Is 235013975 a multiple of 175?
True
Is 461 a factor of 452733184?
False
Does 77 divide 119932505?
True
Does 1669 divide 151241442?
True
Is 17166255 even?
False
Is 27326524 a multiple of 195?
False
Is 149562750 a multiple of 375?
True
Is 444 a factor of 410458464?
True
Does 1652 divide 28941388?
True
Is 469 a factor of 5363953?
True
Is 71116735 a multiple of 592?
False
Is 914 a factor of 135538352?
False
Is 1094748871 a multiple of 3710?
False
Is 319 a factor of 4771837103?
True
Does 173 divide 208986328?
False
Is 147 a factor of 24643374?
True
Does 32 divide 2641534080?
True
Does 12 divide 2293755305?
False
Does 776 divide 393435642?
False
Is 163 a factor of 143955569?
True
Does 3323 divide 220856144?
False
Is 1520 a factor of 5607447043?
False
Is 2426 a factor of 1159476542?
False
Is 52 a factor of 15035570?
False
Does 10 divide 32489553?
False
Does 54 divide 60711120?
True
Is 14 a factor of 10074442?
True
Does 136 divide 7796744?
True
Is 47502925 a multiple of 583?
False
Does 456 divide 4708955592?
True
Is 1182576862 a multiple of 3892?
False
Does 1611 divide 18108427?
False
Is 277 a factor of 790154951?
False
Is 19 a factor of 135438854?
False
Is 9909 a factor of 2907923523?
False
Is 97850508 a multiple of 14?
True
Is 119718773 a multiple of 11?
False
Is 41398317 a multiple of 127?
True
Is 1070 a factor of 27435870?
True
Does 990 divide 29894672?
False
Does 558 divide 82374325?
False
Is 21400212 a multiple of 68?
True
Is 12730179 a multiple of 33?
True
Does 326 divide 90383954?
False
Is 21707250 a multiple of 30?
True
Is 2222262152 a multiple of 72?
False
Is 822 a factor of 219061356?
True
Does 2041 divide 524675788?
True
Is 294 a factor of 7307950?
False
Is 664120544 a multiple of 4?
True
Is 156325750 a multiple of 1464?
False
Is 2047 a factor of 37158994?
False
Does 361 divide 724019434?
True
Is 6663360 a multiple of 12?
True
Does 7 divide 129008067?
False
Is 5 a factor of 34242136?
False
Is 97513393 a multiple of 924?
False
Is 29 a factor of 1004833064?
True
Does 4 divide 593133169?
False
Is 122939497 a multiple of 27?
False
Is 56910863 a multiple of 2034?
False
Is 140163154 a multiple of 26?
False
Does 1170 divide 632810880?
True
Is 109 a factor of 2163064?
False
Is 4936202806 a multiple of 106?
True
Is 221463331 a multiple of 97?
False
Does 240 divide 17698080?
True
Is 611154791 a multiple of 793?
True
Is 2163 a factor of 543713038?
False
Is 115 a factor of 52021400?
True
Does 17 divide 21486776?
True
Is 161 a factor of 25445406?
True
Is 685 a factor of 321443785?
True
Is 5035684 a multiple of 38?
True
Is 1769 a factor of 2534669617?
False
Is 6708672 a multiple of 1216?
True
Is 12002296 a multiple of 47?
True
Is 4866 a factor of 1328992591?
False
Does 156 divide 6773064012?
True
Is 81 a factor of 32245433?
False
Is 51 a factor of 234638987?
False
Is 159538064 a multiple of 68?
True
Does 214 divide 120694716?
True
Does 996 divide 273481680?
True
Does 54 divide 162089046?
True
Is 293 a factor of 5269898?
True
Is 631 a factor of 2582040?
False
Is 59 a factor of 53778028?
True
Is 9 a factor of 1014886598?
False
Is 311347900 a multiple of 821?
False
Is 43385400 a multiple of 9?
True
Is 38 a factor of 30708534?
False
Is 200558764 a multiple of 1518?
False
Is 123 a factor of 91611138?
True
Does 7 divide 4394583?
False
Is 90694208 a multiple of 47?
True
Is 133148268 a multiple of 9?
True
Is 10 a factor of 487076710?
True
Does 74 divide 1906739870?
True
Is 490788194 a multiple of 13?
True
Is 993465360 a multiple of 16?
True
Is 1940748915 a multiple of 35?
True
Is 902 a factor of 38152106?
False
Is 2859101074 a multiple of 478?
True
Is 1280 a factor of 121204480?
True
Is 81699240 a multiple of 665?
True
Is 42008760 a multiple of 1080?
True
Does 50 divide 29152018?
False
Is 616403658 a multiple of 353?
True
Does 46 divide 1248578?
True
Does 1303 divide 1004247974?
False
Does 144 divide 229155?
False
Is 29 a factor of 1435788?
False
Does 10 divide 301218078?
False
Is 694840189 a multiple of 23?
True
Does 2 divide 931551?
False
Does 2063 divide 25525499?
True
Is 1177892225 a multiple of 204?
False
Is 148 a factor of 47507704?
True
Does 5 divide 56293760?
True
Does 252 divide 13585320?
True
Is 888190929 a multiple of 9?
True
Is 12 a factor of 10781112?
True
Is 376 a factor of 10123800?
True
Is